{"id":2,"date":"2010-09-20T11:07:29","date_gmt":"2010-09-20T11:07:29","guid":{"rendered":"http:\/\/server2.ahja.ch\/~neuhausm\/?page_id=2"},"modified":"2023-06-05T14:18:03","modified_gmt":"2023-06-05T12:18:03","slug":"eine-seite","status":"publish","type":"page","link":"https:\/\/www.neuhausm.ch\/","title":{"rendered":"Willkommen"},"content":{"rendered":"<p><strong><a href=\"http:\/\/www.neuhausm.ch\/wp-content\/uploads\/2010\/09\/saint_genevieve.jpg\"><img loading=\"lazy\" decoding=\"async\" class=\"alignleft size-full wp-image-23\" title=\"saint_genevieve.jpg\" src=\"http:\/\/www.neuhausm.ch\/wp-content\/uploads\/2010\/09\/saint_genevieve.jpg\" alt=\"\" width=\"166\" height=\"280\" \/><\/a>Privater Verkauf von Original-Bildern u.a. der folgenden Schweizer K\u00fcnstler :<\/strong><\/p>\n<p><strong><a href=\"http:\/\/www.neuhausm.ch\/?cat=3\" target=\"_blank\" rel=\"noopener noreferrer\">Albert Anker<\/a><\/strong><strong><br \/>\n<\/strong><strong><a href=\"http:\/\/www.neuhausm.ch\/?cat=4\" target=\"_blank\" rel=\"noopener noreferrer\">Cuno Amiet<\/a><br \/>\n<\/strong><strong><a href=\"http:\/\/www.neuhausm.ch\/?cat=5\" target=\"_blank\" rel=\"noopener noreferrer\">Ferdinand Hodler<\/a><br \/>\n<\/strong><strong><a href=\"http:\/\/www.neuhausm.ch\/?cat=6\" target=\"_blank\" rel=\"noopener noreferrer\">Hans Kr\u00fcsi<\/a><\/strong><\/p>\n<p><span style=\"color: #808080;\">\u00dcbersicht \u00fcber die angebotenen Werke: siehe Auswahl auf der rechten Seite.<\/span><\/p>\n<p><span style=\"color: #808080;\">Momentan kein Interesse an Ankauf.<\/span><\/p>\n<p><strong>\u00a0<\/strong><strong>Manfred Neuhaus, Saint-Blaise (NE)<\/strong><\/p>\n<p>Kontakt vie Telefon: +41 78 614 76 16 , per Mail an: manfred.neuhaus1@gmail.com<!--more--> oder via Kommentarfunktion unten<\/p>\n<p>Meine Devise :<\/p>\n<p>Nur zufriedene Kunden sind gute Kunden: Zufrieden oder Geld zur\u00fcck! (R\u00fcckgabe innerhalb von 3 Monaten m\u00f6glich).<\/p>\n<p>Seit mehreren Jahren eine Vielzahl an zufriedenen (Stamm-)Kunden.<\/p>\n<p>sch\u00f6ne\u00a0Originalbilder (Skizzen, Lithographien) zu erschwinglichen Preisen &#8211; da Privatverkauf.<\/p>\n<p>Originalbilder von Albert Anker und anderen Schweizer K\u00fcnstlern f\u00fcr alle bezahlbar.<\/p>\n","protected":false},"excerpt":{"rendered":"<a href=\"https:\/\/www.neuhausm.ch\/\"><img loading=\"lazy\" decoding=\"async\" width=\"150\" height=\"150\" src=\"https:\/\/www.neuhausm.ch\/wp-content\/plugins\/thumbnail-for-excerpts\/tfe_no_thumb.png\" class=\"alignleft wp-post-image tfe\" alt=\"\" title=\"\" \/><\/a><p>Privater Verkauf von Original-Bildern u.a. der folgenden Schweizer K\u00fcnstler : Albert Anker Cuno Amiet Ferdinand Hodler Hans Kr\u00fcsi \u00dcbersicht \u00fcber die angebotenen Werke: siehe Auswahl auf der rechten Seite. Momentan kein Interesse an Ankauf. \u00a0Manfred Neuhaus, Saint-Blaise (NE) Kontakt vie &hellip; <a href=\"https:\/\/www.neuhausm.ch\/\">Weiterlesen <span class=\"meta-nav\">&rarr;<\/span><\/a><\/p>\n","protected":false},"author":2,"featured_media":0,"parent":0,"menu_order":0,"comment_status":"open","ping_status":"open","template":"","meta":{"footnotes":""},"class_list":["post-2","page","type-page","status-publish","hentry"],"_links":{"self":[{"href":"https:\/\/www.neuhausm.ch\/index.php?rest_route=\/wp\/v2\/pages\/2","targetHints":{"allow":["GET"]}}],"collection":[{"href":"https:\/\/www.neuhausm.ch\/index.php?rest_route=\/wp\/v2\/pages"}],"about":[{"href":"https:\/\/www.neuhausm.ch\/index.php?rest_route=\/wp\/v2\/types\/page"}],"author":[{"embeddable":true,"href":"https:\/\/www.neuhausm.ch\/index.php?rest_route=\/wp\/v2\/users\/2"}],"replies":[{"embeddable":true,"href":"https:\/\/www.neuhausm.ch\/index.php?rest_route=%2Fwp%2Fv2%2Fcomments&post=2"}],"version-history":[{"count":156,"href":"https:\/\/www.neuhausm.ch\/index.php?rest_route=\/wp\/v2\/pages\/2\/revisions"}],"predecessor-version":[{"id":1426,"href":"https:\/\/www.neuhausm.ch\/index.php?rest_route=\/wp\/v2\/pages\/2\/revisions\/1426"}],"wp:attachment":[{"href":"https:\/\/www.neuhausm.ch\/index.php?rest_route=%2Fwp%2Fv2%2Fmedia&parent=2"}],"curies":[{"name":"wp","href":"https:\/\/api.w.org\/{rel}","templated":true}]}}